f 120 and t.
15
Let x be 72/(-4 - -8)*(-16)/(-12). Calculate the highest common factor of 408 and x.
24
Let r be (-4 - -16)*(4 + 9/(-3)). Let a = 4 - -8. Calculate the highest common factor of a and r.
12
Let x(i) = -i. Let n(p) = 3*p + 72. Let b(c) = n(c) - 4*x(c). Let j be b(18). What is the greatest common factor of 18 and j?
18
Let a be (-3678)/(-18)*3 + 3. What is the highest common factor of 56 and a?
56
Let s(w) = w**3 - 3*w**2 + 2*w - 1. Let m be s(3). Suppose -m*z - 5*x + 425 = -0*z, 5*x - 101 = -z. What is the greatest common divisor of z and 9?
9
Suppose 663 = t - o, -6*t + 1989 = -3*t - 4*o. What is the highest common divisor of t and 39?
39
Let n be (-1053)/(-5) - (1 - (-4)/(-10)). Let s be (n/45)/((-1 - -2)/3). Calculate the greatest common divisor of 56 and s.
14
Let i = -221 - -430. Suppose 7*o + 230 - 553 = -10*o. What is the greatest common divisor of o and i?
19
Let f = -47 + 70. Suppose 2*q + 16*a - 13*a - 399 = 0, -10 = 2*a. Calculate the greatest common factor of f and q.
23
Suppose 3*u - 1130 = -4*z, -5*u - 3*z = -8*u + 1116. What is the greatest common factor of u and 51?
17
Let x(a) = 7*a**3 + 3*a - 2*a - 2*a + 2 - 5*a. Let b be x(2). What is the highest common factor of b and 69?
23
Suppose -2*k + 114 = -0*k - 3*s, -3*s + 66 = k. Suppose -6*y + 3*y + 4*i - 64 = 0, -60 = 3*y - 3*i. Let g = 4 - y. What is the highest common factor of g and k?
20
Let m be 60/75 + 261/5. Suppose -m = 15*l - 623. What is the highest common divisor of 304 and l?
38
Let u be 100/16 - 2/8. Suppose u*q - 3*q + 18 = -4*a, -2*a - 4 = -q. Let p be (q/(-4))/(-1)*-2. Calculate the greatest common divisor of 7 and p.
1
Let v(p) = 56*p + 1. Let f be v(1). Let u = f + -12. Let m = 30 - 12. What is the greatest common divisor of u and m?
9
Suppose -12*p + 10*p + 120 = 0. Let f be p/9*(-36)/(-15). What is the highest common factor of f and 128?
16
Suppose 3*q = -3*v - v + 384, -2*v = -2*q - 192. Calculate the highest common factor of v and 108.
12
Let h = -960 + 1492. What is the greatest common factor of 152 and h?
76
Let q be (-2)/7 + (-452)/(-14). Suppose 7*t - 16 = 5. Suppose -1361 = -t*b - 497. Calculate the highest common divisor of b and q.
32
Suppose 5*s + 18 = -2*q + 2, 3*q - 2 = -s. Suppose q*k = 81 + 39. Calculate the greatest common divisor of 30 and k.
30
Suppose -5*j = 4*s - 60, 6 = s + 3*j - 9. Calculate the greatest common factor of 345 and s.
15
Suppose -8*r + 3*r = -10. Suppose -r*h = h + u - 26, -h = -5*u + 2. Let x be -2*4/(h/(-39)). Calculate the greatest common factor of x and 13.
13
Let u = 53 - 29. Suppose 2*j - u = j. Let n(f) = 46*f + 936. Let a be n(-20). Calculate the greatest common divisor of j and a.
8
Let p be 3 - (-3 - -2 - 8/(-2)). Suppose -6*x + 9*x - 90 = p. What is the greatest common factor of 120 and x?
30
Let s = 36 - 36. Suppose 3*i = -4*m - s*i + 17, 0 = 5*m + 4*i - 21. What is the highest common factor of m and 5?
5
Suppose -5*z + 16081 = -4199. What is the highest common divisor of z and 104?
104
Suppose 0 = o + 3*o - 32. Suppose 14 + 10 = c - 2*a, 0 = 2*c - 5*a - 48. What is the greatest common factor of c and o?
8
Let p be (477/212)/(6/5888). Calculate the greatest common factor of p and 69.
69
Let l(q) = -39*q - 4. Let t be l(-4). Let h be ((-9)/(18/(-8)) + -5)*-19. What is the highest common factor of t and h?
19
Suppose 25*m - 198 = 16*m. What is the highest common factor of m and 77?
11
Let y be 511/(-14) + (-3)/6. Let j = y - -121. Suppose -38 = -4*k + 2*v, 4*v = 3*k - v - 11. What is the greatest common divisor of j and k?
12
Suppose 2*u + 105 = 7*u. Let d be (3 - 0)/(3/(-4)) + 7. Suppose d*a + 12 = 0, -5*x + 5*a = -u - 4. Calculate the highest common factor of 5 and x.
1
Let n = -439 - -543. Calculate the greatest common divisor of n and 12.
4
Suppose 2*a - 4*f + 26 = 0, 4*f + 6 = -3*a - f. Let s = 10 + a. Suppose 0 = s*u - 47 - 19. What is the highest common divisor of 2 and u?
2
Let s = -22 + 19. Let f be (-4)/s - (-6)/(-18). Let l be f*11*(5 - 0). Calculate the greatest common divisor of 5 and l.
5
Let i(r) be the first derivative of -r**3/3 + 9*r**2/2 + 6*r - 4. Let b be i(8). Calculate the highest common divisor of 126 and b.
14
Let f(r) = -r**2 + 18*r - 12. Let j be 21 + -2 + 3 + -5. Let t be f(j). What is the highest common divisor of 10 and t?
5
Let y(p) = 20*p**2 - 4. Let u be y(-2). Let k = u - 67. Calculate the highest common factor of k and 18.
9
Suppose -16*p - 10*p = -1066. Calculate the highest common factor of 697 and p.
41
Suppose 330 = 4*v - v. Let j = v + -102. What is the greatest common factor of 36 and j?
4
Let r(a) = -25*a**2 + 89*a - 2. Let b be r(3). Suppose -12 = -5*q + 13. What is the highest common factor of b and q?
5
Let l(i) = -74 + 2*i + 39 + i. Let o be l(15). What is the greatest common factor of o and 20?
10
Let o(r) = 29*r - 551. Let b be o(35). What is the greatest common divisor of 87 and b?
29
Suppose 365 - 405 = -4*h. What is the greatest common factor of 20 and h?
10
Suppose 119 = 5*q + 69. What is the greatest common divisor of q and 780?
10
Suppose 5*i = 4*n + 35, 3*i - i - 26 = 4*n. Let w be 16*-6*(-6)/i. What is the highest common factor of 24 and w?
24
Suppose -4*t + 64 = -4*a, -2*a = -0 - 2. Let y = t - 2. Let f = 6 + 0. Calculate the greatest common divisor of f and y.
3
Let s(u) = -34*u + 4. Let q be s(-1). Calculate the highest common factor of q and 95.
19
Suppose -7*g + 13 = -6*g. Let f = g - -32. What is the greatest common divisor of 5 and f?
5
Let z(x) = -x**2 + 7*x - 5. Let o be z(6). Let k = o + 2. Suppose 0 = -k*p + 40 + 14. What is the highest common factor of 180 and p?
18
Suppose -23*l + 41 = -28. What is the greatest common factor of 3 and l?
3
Suppose 2*l - 1 = -7, 2*g - 5*l = 63. What is the greatest common divisor of g and 24?
24
Let h = -122 - -126. Suppose -3*i = h*b - 428, -4*b - i = -5*b + 100. What is the highest common factor of b and 8?
8
Suppose 0 = -2*i + 4*i - 8. Let u be (34/(-4))/(i/(-8)). Suppose 4*d - 600 = -4*q, 4*q + 2*d + 40 = 646. Calculate the highest common factor of u and q.
17
Let o(s) = 5*s - s**2 + 0*s + 6*s + 11*s + 43. Let r be o(23). Calculate the highest common factor of 220 and r.
20
Suppose -13*p + 10*p + 237 = 0. Suppose 6*w = 125 + p. Calculate the greatest common divisor of 85 and w.
17
Let r be -4 - (-25 - (-3)/3). Let f = r + -1. What is the highest common factor of 19 and f?
19
Let x = -122 - -230. What is the highest common divisor of 12 and x?
12
Suppose -4*z + 1759 = h + 391, -3*z + 5*h = -1003. What is the greatest common divisor of z and 31?
31
Suppose -3*i + 4*r - 1 = 0, 5*i + 6 - 47 = -4*r. Suppose 4*w + z = 42, -4*z = -i*w - 0*z + 42. What is the greatest common factor of w and 25?
5
Let z(t) = t**2 + 8*t - 75. Let p be z(7). Calculate the greatest common factor of p and 75.
15
Suppose 84 = 6*x - 84. What is the greatest common divisor of x and 35?
7
Let x = 3184 - 1609. Calculate the greatest common factor of x and 21.
21
Let q(z) = -z**2 - 2*z**2 + 5*z**2 - 44*z + 50*z - 4. Let t be q(-4). Suppose t*h = -0*h + 28. Calculate the greatest common divisor of h and 7.
7
Suppose 0 = -4*a, -3*n = a - 0*a + 12. Suppose -2*x + 3*x = -6. Let w be x*n/8*10. What is the highest common factor of 45 and w?
15
Let d be 469/91 + 2*(-1)/13. Suppose d*r - 189 - 351 = 0. What is the greatest common divisor of 72 and r?
36
Suppose -3*r - 22 = -y, -2*r = 8*y - 6*y - 68. Calculate the highest common divisor of 2 and y.
1
Let n(y) = -11*y + 15. Let i be n(6). Let g = i + 147. Suppose 2*l + 2 = 26. Calculate the greatest common factor of l and g.
12
Let j(i) = 25*i + 177. Let a be j(-6). Calculate the highest common factor of a and 18.
9
Let g = 130 - 90. Let f = -7 + g. Calculate the highest common factor of f and 11.
11
Let o be (1 + -6)*1*(-4 - 0). Let v = -52 - -192. Calculate the greatest common factor of o and v.
20
Suppose 3*z - 30 = -2*b - z, 51 = 5*b - 2*z. Suppose 0 = -0*o - o. Suppose o = 2*i - b - 5. Calculate the highest common factor of i and 88.
8
Suppose -19 = -5*y - 4, 5*d + 4*y - 32 = 0. Suppose -42 = -2*i - 46, 0 = -5*f + 5*i + 25. Calculate the greatest common divisor of d and f.
1
Suppose 2*y + 24 = 2*f, -29 = 2*f + 3*y - 48. Let i(d) = 4*d**2 + 2*d + 2*d + 3 - 2*d. Let q be i(-3). Calculat